ltiple of 22?
False
Is 5544 a multiple of 126?
True
Does 2008 divide 15369328?
False
Is 384 a factor of 4271616?
True
Does 303 divide 15313923?
True
Is 6329016 a multiple of 36?
True
Does 9 divide 50344?
False
Is 947415 a multiple of 245?
True
Is 39251 a multiple of 60?
False
Is 44 a factor of 113221?
False
Does 47 divide 13485471?
False
Is 89700 a multiple of 78?
True
Does 204 divide 2207713?
False
Is 103 a factor of 1402126?
False
Is 1049522 a multiple of 38?
True
Does 57 divide 129813?
False
Is 2555 a multiple of 2?
False
Is 663 a factor of 11250447?
True
Is 1189890 a multiple of 45?
True
Does 48 divide 3217638?
False
Is 232244 a multiple of 2?
True
Is 533450 a multiple of 454?
True
Is 65469 a multiple of 49?
False
Is 14 a factor of 30744?
True
Is 201 a factor of 6028526?
False
Is 15 a factor of 157170?
True
Does 764 divide 14932949?
False
Is 13 a factor of 3403673?
True
Is 338 a factor of 1022212?
False
Is 160 a factor of 259840?
True
Does 286 divide 38376?
False
Does 248 divide 141069?
False
Is 77 a factor of 1580202?
False
Is 27 a factor of 539595?
True
Does 14 divide 7114534?
True
Does 65 divide 1907730?
False
Does 24 divide 955266?
False
Is 15 a factor of 82932?
False
Is 12 a factor of 9594120?
True
Is 1608265 a multiple of 61?
True
Is 74264 a multiple of 3?
False
Is 69 a factor of 170430?
True
Is 30 a factor of 2607417?
False
Is 9 a factor of 120366?
True
Does 240 divide 2823486?
False
Is 9 a factor of 26262?
True
Is 45 a factor of 11811960?
True
Is 292 a factor of 125852?
True
Does 20 divide 42400?
True
Is 19 a factor of 1225338?
False
Is 438 a factor of 2227250?
False
Is 23 a factor of 757362?
False
Does 24 divide 152113?
False
Does 96 divide 170976?
True
Is 867870 a multiple of 15?
True
Does 132 divide 100848?
True
Is 44 a factor of 376151?
False
Does 106 divide 109964?
False
Is 483 a factor of 1747011?
True
Does 374 divide 2999283?
False
Does 27 divide 204899?
False
Is 5 a factor of 839?
False
Is 8495231 a multiple of 229?
False
Is 68 a factor of 3751394?
False
Does 11 divide 76439?
True
Does 3 divide 79242?
True
Is 22 a factor of 348260?
True
Does 140 divide 142498?
False
Is 13 a factor of 149600?
False
Is 168 a factor of 17190936?
True
Does 226 divide 1257916?
True
Does 150 divide 9600?
True
Is 21672707 a multiple of 86?
False
Is 17 a factor of 14256884?
False
Does 8 divide 292532?
False
Is 66 a factor of 5608944?
True
Does 40 divide 61960?
True
Does 690 divide 901140?
True
Is 52 a factor of 6612892?
True
Does 15 divide 5205?
True
Is 93786 a multiple of 66?
True
Does 36 divide 228024?
True
Is 7 a factor of 42532?
True
Is 5343158 a multiple of 63?
False
Does 283 divide 702123?
True
Is 26 a factor of 424370?
False
Is 29520 a multiple of 41?
True
Is 999630 a multiple of 1149?
True
Is 103 a factor of 1252240?
False
Is 31 a factor of 958086?
True
Is 252 a factor of 6711768?
True
Is 432035 a multiple of 345?
False
Is 17 a factor of 222394?
True
Is 10 a factor of 194744?
False
Does 463 divide 192145?
True
Is 155 a factor of 457095?
True
Is 314 a factor of 74395?
False
Is 339318 a multiple of 21?
True
Is 10248344 a multiple of 60?
False
Is 358 a multiple of 42?
False
Does 56 divide 138208?
True
Is 879 a factor of 1539496?
False
Does 569 divide 877525?
False
Does 122 divide 220811?
False
Is 17 a factor of 856776?
False
Does 262 divide 3953842?
True
Does 17 divide 1758212?
False
Is 17265705 a multiple of 57?
False
Is 126542 a multiple of 13?
True
Is 141 a factor of 2049460?
False
Does 54 divide 2461111?
False
Is 7 a factor of 436328?
False
Does 72 divide 1862496?
True
Is 221 a factor of 386648?
False
Does 9 divide 18325?
False
Is 10326410 a multiple of 62?
True
Is 3 a factor of 336669?
True
Does 68 divide 229651?
False
Is 3160837 a multiple of 61?
True
Is 13 a factor of 1516476?
True
Is 1998921 a multiple of 376?
False
Is 411 a factor of 17670945?
True
Is 42457 a multiple of 63?
False
Is 882406 a multiple of 39?
False
Is 152250 a multiple of 30?
True
Is 5544903 a multiple of 39?
True
Does 4 divide 5125?
False
Is 206070 a multiple of 436?
False
Is 631 a multiple of 10?
False
Is 336597 a multiple of 3?
True
Is 11880099 a multiple of 9?
True
Is 23878 a multiple of 246?
False
Does 13 divide 294651?
False
Is 527510 a multiple of 290?
True
Does 6 divide 357246?
True
Is 5717180 a multiple of 16?
False
Is 623333 a multiple of 619?
True
Is 11 a factor of 285321?
False
Does 18 divide 126918?
True
Does 352 divide 1006880?
False
Does 21 divide 3009993?
True
Is 44 a factor of 2618220?
True
Is 14 a factor of 12787880?
True
Is 214 a factor of 1058670?
False
Is 5 a factor of 123775?
True
Is 138 a factor of 4378?
False
Is 147 a factor of 1864316?
False
Is 31690 a multiple of 7?
False
Is 5 a factor of 15250?
True
Is 231 a factor of 376310?
False
Is 1017204 a multiple of 222?
True
Is 772000 a multiple of 250?
True
Is 9 a factor of 54605?
False
Is 203190 a multiple of 15?
True
Does 157 divide 48612?
False
Is 238 a factor of 88774?
True
Is 13 a factor of 164138?
True
Does 15 divide 309540?
True
Is 1384 a factor of 6513686?
False
Does 67 divide 313429?
False
Does 270 divide 170079?
False
Is 8778205 a multiple of 19?
False
Is 237 a factor of 5631655?
False
Is 1152 a factor of 13298688?
True
Is 206 a factor of 274843?
False
Does 50 divide 2580450?
True
Does 13 divide 407355?
True
Is 104 a factor of 203042?
False
Is 2 a factor of 493619?
False
Is 223016 a multiple of 244?
True
Is 204095 a multiple of 107?
False
Is 64 a factor of 4197957?
False
Is 352 a factor of 230560?
True
Is 655060 a multiple of 132?
False
Does 3289 divide 9186177?
True
Is 91 a factor of 22168368?
False
Is 30 a factor of 109230?
True
Does 3 divide 572235?
True
Is 18 a factor of 29503?
False
Is 43 a factor of 672968?
False
Does 56 divide 2746067?
False
Does 20 divide 184811?
False
Does 15 divide 4334462?
False
Is 8 a factor of 46626?
False
Does 5 divide 23069?
False
Is 11560536 a multiple of 156?
True
Is 19 a factor of 100265?
False
Does 307 divide 2155754?
True
Is 1177 a factor of 386056?
True
Is 7 a factor of 235148?
False
Is 463 a factor of 17649194?
False
Is 579 a factor of 477480?
False
Is 1848975 a multiple of 267?
True
Is 75963 a multiple of 6?
False
Is 220133 a multiple of 2?
False
Does 2 divide 4547711?
False
Does 46 divide 341458?
True
Is 23 a factor of 516162?
False
Is 299 a factor of 264504?
False
Is 24840 a multiple of 27?
True
Is 1835488 a multiple of 328?
True
Is 57 a factor of 16929?
True
Is 39 a factor of 255996?
True
Is 4795026 a multiple of 347?
False
Does 37 divide 57634?
False
Is 46 a factor of 6005119?
False
Does 25 divide 3542275?
True
Is 37 a factor of 123173?
True
Does 28 divide 3142356?
True
Is 15 a factor of 188196?
False
Does 54 divide 2388474?
True
Is 9942126 a multiple of 826?
False
Is 650673 a multiple of 77?
False
Is 4041288 a multiple of 738?
True
Is 1151778 a multiple of 533?
False
Is 13 a factor of 38955?
False
Does 57 divide 1546410?
True
Does 103 divide 4192924?
True
Does 63 divide 703395?
True
Is 26 a factor of 127894?
True
Is 15 a factor of 448577?
False
Is 716 a factor of 288548?
True
Is 3 a factor of 413999?
False
Is 2707430 a multiple of 11?
True
Does 25 divide 916799?
False
Is 2559590 a multiple of 22?
True
Is 947172 a multiple of 6?
True
Does 219 divide 1762299?
False
Does 38 divide 580287?
False
Is 320 a factor of 1622080?
True
Does 86 divide 1507996?
False
Does 8 divide 351564?
False
Is 709551 a multiple of 37?
False
Is 856850 a multiple of 50?
True
Does 213 divide 628137?
True
Is 210 a factor of 2989723?
False
Is 97520 a multiple of 10?
True
Is 6377241 a multiple of 101?
True
Does 4 divide 935038?
False
Does 42 divide 296951?
False
Is 7242427 a multiple of 61?
False
Is 13 a factor of 351607?
False
Does 16 divide 135896?
False
Does 8 divide 202759?
False
Does 96 divide 834432?
True
Is 390 a factor of 10620870?
True
Is 475180 a multiple of 375?
False
Is 2550843 a multiple of 9?
True
Does 219 divide 385002?
True
Is 47 a factor of 493265?
True
Does 288 divide 1313937?
False
Is 2401542 a multiple of 117?
True
Does 51 divide 603126?
True
Does 279 divide 28634328?
True
Is 2581866 a multiple of 9?
True
Is 18308960 a multiple of 80?
True
Does 24 divide 672936?
True
Is 243080 a multiple of 236?
True
Is 1688470 a multiple of 419?
False
Is 2568318 a multi